{"id":2745,"date":"2025-04-22T20:12:34","date_gmt":"2025-04-22T20:12:34","guid":{"rendered":"https:\/\/eurocristal.com.co\/?post_type=product&#038;p=2745"},"modified":"2025-07-10T19:47:34","modified_gmt":"2025-07-10T19:47:34","slug":"perla-banada-en-nacar-redonda-1h-4mm-cream","status":"publish","type":"product","link":"https:\/\/eurocristal.com.co\/?product=perla-banada-en-nacar-redonda-1h-4mm-cream","title":{"rendered":"Perla ba\u00f1ada en n\u00e1car redonda 1H 4mm Cream -100 UNIDADES-"},"content":{"rendered":"","protected":false},"excerpt":{"rendered":"<p>Creadas para verse y sentirse como si fueran aut\u00e9nticas, las perlas de n\u00e1car Preciosa contienen un n\u00facleo de cristal recubierto de varias capas de n\u00e1car que les da su caracter\u00edstico acabado sedoso y suave.<\/p>\n<ul>\n<li>Art\u00edculo: Perla 1H<\/li>\n<li>Categor\u00eda: Bisuteria fina<\/li>\n<li>Unidades: 100 UNIDADES POR PAQUETE<\/li>\n<li>Tama\u00f1o: 4mm<\/li>\n<li>Material: Cristal Checo con ba\u00f1os de n\u00e1car<\/li>\n<li>Color: Cream<\/li>\n<\/ul>\n","protected":false},"featured_media":2731,"comment_status":"open","ping_status":"closed","template":"","meta":[],"product_brand":[],"product_cat":[24],"product_tag":[47],"class_list":{"0":"post-2745","1":"product","2":"type-product","3":"status-publish","4":"has-post-thumbnail","6":"product_cat-nacre-pearls","7":"product_tag-round-pearl-1h","9":"first","10":"instock","11":"taxable","12":"shipping-taxable","13":"purchasable","14":"product-type-simple"},"_links":{"self":[{"href":"https:\/\/eurocristal.com.co\/index.php?rest_route=\/wp\/v2\/product\/2745","targetHints":{"allow":["GET"]}}],"collection":[{"href":"https:\/\/eurocristal.com.co\/index.php?rest_route=\/wp\/v2\/product"}],"about":[{"href":"https:\/\/eurocristal.com.co\/index.php?rest_route=\/wp\/v2\/types\/product"}],"replies":[{"embeddable":true,"href":"https:\/\/eurocristal.com.co\/index.php?rest_route=%2Fwp%2Fv2%2Fcomments&post=2745"}],"wp:featuredmedia":[{"embeddable":true,"href":"https:\/\/eurocristal.com.co\/index.php?rest_route=\/wp\/v2\/media\/2731"}],"wp:attachment":[{"href":"https:\/\/eurocristal.com.co\/index.php?rest_route=%2Fwp%2Fv2%2Fmedia&parent=2745"}],"wp:term":[{"taxonomy":"product_brand","embeddable":true,"href":"https:\/\/eurocristal.com.co\/index.php?rest_route=%2Fwp%2Fv2%2Fproduct_brand&post=2745"},{"taxonomy":"product_cat","embeddable":true,"href":"https:\/\/eurocristal.com.co\/index.php?rest_route=%2Fwp%2Fv2%2Fproduct_cat&post=2745"},{"taxonomy":"product_tag","embeddable":true,"href":"https:\/\/eurocristal.com.co\/index.php?rest_route=%2Fwp%2Fv2%2Fproduct_tag&post=2745"}],"curies":[{"name":"wp","href":"https:\/\/api.w.org\/{rel}","templated":true}]}}